*i - 6, 0 = 5*d + 5*i - 20. Suppose -d*u = -5*u + 351. Let s = 2370 + -2355. What is the remainder when u is divided by s?
12
Let h be (-196)/42*(-1 + (-170)/4). Let x = h + -184. What is the remainder when 91 is divided by x?
15
Let m = 104 + -63. Suppose 2*v - 28 = -12. Suppose 4*h + v - 32 = 0. What is the remainder when m is divided by h?
5
Suppose 33*y - 35*y = 4*c - 80, 2*y - 3*c - 87 = 0. Calculate the remainder when 2011 is divided by y.
37
Let x(c) = -15*c - 18. What is the remainder when x(-10) is divided by (18/(-4))/(138/36 + -4)?
24
Suppose 46 = 3*b - 5*z, 4*b - b = z + 38. Suppose -4*q - 4*s + 72 = 0, -42 = -q - 2*q + 3*s. Let a = q - 9. What is the remainder when b is divided by a?
5
Suppose 27*y + 13065 = 132*y + 255. What is the remainder when 1578 is divided by y?
114
Let c(s) = -2*s**2 - 3*s + 2. Let t be (-14)/21*9/(-2). Let p be ((-8)/(-4) - 5) + t. Calculate the remainder when 8 is divided by c(p).
0
Let g(s) = 17*s - 29. Let t be g(3). Suppose t*v - 110 = 11*v. Suppose x + 182 = 5*i - x, -20 = -5*x. Calculate the remainder when i is divided by v.
8
What is the remainder when 1023 is divided by (82/123)/((-10)/(-5115))?
0
Suppose 5*l - 76 = 3*l. Calculate the remainder when l is divided by 123/(-82)*322/(-21).
15
Let f(p) be the second derivative of p**5/20 - 3*p**4/4 + 5*p**3/6 - 13*p**2 - 34*p. Calculate the remainder when 35 is divided by f(9).
16
Suppose -15*s + 37 - 7 = 0, 2*s - 849 = -p. What is the remainder when p is divided by 35?
5
Let b = -805 + 1139. Let k = -294 + b. What is the remainder when 519 is divided by k?
39
Let z(n) = 67*n + 285. What is the remainder when z(-1) is divided by 23?
11
Let q = 402 - 399. Suppose -5*k - 12 = -67. What is the remainder when k is divided by q?
2
Let k be (155 + 1)/(8/(-12)). Suppose 3*q + y = 209, 2*y - 63 = -25*q + 24*q. What is the remainder when q is divided by k/(-10) + (-6)/(-10)?
23
Let v be ((-198)/(-27) + -7)/((-2)/(-30)). What is the remainder when 17 is divided by -1 - (-1)/v - (-783)/135?
2
Let u = -5 + 15. Let q = 88 + -76. What is the remainder when (-4)/u - 1422/(-30) is divided by q?
11
Suppose 0 = s - 0*s - 3373. Calculate the remainder when s is divided by 8.
5
Suppose -3*c = -445 + 112. Suppose -2*w = 4*v + 4, 3*w - 7*v = -8*v + 4. Suppose 336 = 10*h + w*h. What is the remainder when c is divided by h?
27
Let m = 20666 + -20561. What is the remainder when 7978 is divided by m?
103
Suppose -51*r + 61 = 3*j - 49*r, -25 = -5*r. Let x(z) = 20*z - 3. What is the remainder when x(6) is divided by j?
15
Calculate the remainder when 3/(210/(-56))*(-1390)/4 is divided by 16.
6
Suppose -3*n = -4*s - 169, 0*s = 4*n + 5*s - 246. Suppose -188*d + 76*d = -4144. Calculate the remainder when n is divided by d.
22
Suppose 6050 + 956 = 113*k. Calculate the remainder when 964 is divided by k.
34
Suppose -3*o = -o - 68. Suppose 2613*n - 2037 = 2592*n. What is the remainder when n is divided by o?
29
Suppose 3*v = 5*u + 68, 3*u = 3*v - u - 73. Suppose -2*j + v = 7. What is the remainder when 1/(-4) - 819/(-12) is divided by j?
8
Suppose -185*z + 173*z = -1908. Suppose 27 = -i + z. What is the remainder when i is divided by 46?
40
Let b(l) = 5*l + 2. Suppose -v = 3*c - 17, -5*v = -5*c - 250 + 285. What is the remainder when b(6) is divided by c?
2
Calculate the remainder when 846 is divided by -5*-10*(49/(-14) + 4).
21
Let z = -165697 - -165880. Let p(t) = 4*t**3 - 2*t + 3. Calculate the remainder when z is divided by p(2).
28
Let c = 6447 + -4584. Let b = c - 1101. Calculate the remainder when b is divided by 15.
12
Let g(h) = -14*h + 39. Let t = -113 - -118. Suppose -c - t*f = -f - 11, -3*c - 4*f = -25. Calculate the remainder when g(0) is divided by c.
4
Let b(g) = g - 13. Let c be b(18). Suppose 2*h + 55 + 84 = c*l, 33 = l - 3*h. Calculate the remainder when 86 is divided by l.
5
Let v = 357 + -146. What is the remainder when v is divided by (3 - 35/5) + 75?
69
Let t = 4428 + -4353. Let m(s) = 33*s**3 + 2*s - 3. Calculate the remainder when t is divided by m(1).
11
Suppose 5*j - 160 = -5*r, 0 = 5*j - j - 3*r - 114. Let x = j + -6. Suppose 6 - 58 = -4*m. Calculate the remainder when x is divided by m.
11
Suppose -5*d = -92 + 10367. Let r be 1/6 + (-1 - d/(-18)). Let q = -66 - r. Calculate the remainder when q is divided by 18.
13
Let v(l) = -3*l**3 - 78*l**2 - 4*l - 87. Calculate the remainder when 243/4 + (-9)/(-36) is divided by v(-26).
10
Suppose 3*m = -5*g + 59, 0 = 58*g - 53*g - 3*m - 41. What is the remainder when 1014 is divided by g?
4
Suppose 0 = 2*w - 5*w - 5*y + 38, 104 = 4*w - 4*y. Suppose -9*d = 8*d - 561. Calculate the remainder when d is divided by w.
12
Let s(d) = d**3 - 7*d**2 + 8*d - 9. Let z be s(6). Let v = 9 - z. What is the remainder when (-6)/((234/(-273))/(10/7)) is divided by v?
4
Suppose 5*w + 469 = 5*z + 129, 330 = 5*z - 3*w. Let k be (-2 - (0 - 8))*-7. Calculate the remainder when z is divided by (36/k)/(-1 + (-265)/(-280)).
15
Let s(f) = -2*f**2 + 23*f + 5. Let h be s(11). What is the remainder when 99 is divided by 41*(h - 18)*(-1)/2?
17
What is the remainder when 8/(-10)*(-540)/3 is divided by 80/(((-2)/(-5))/(120/750))?
16
Let s = -107 - -144. Suppose s + 17 = 9*t. Let r = 40 + -31. Calculate the remainder when r is divided by t.
3
Let t(l) = l**3 - 9*l**2 + 18*l - 35. Let u = 131 + -69. Suppose -3*r - 11 = -u. What is the remainder when t(8) is divided by r?
11
Suppose 4*y = -m - 62, 2*m = -0*m + 3*y - 80. Let u = m + 41. Let l(q) = 2*q**3 + 11*q**2 + 2*q - 4. Calculate the remainder when l(u) is divided by 8.
3
Suppose 5*g - 3*g = -5*d + 69, g = -5*d + 42. Suppose 18 = -12*q - 30. What is the remainder when g is divided by 10/q*(-14)/5?
6
Let j(p) = p**2 - 170*p + 7216. What is the remainder when j(48) is divided by 124?
120
Let d = 37 + -23. What is the remainder when (-24)/(-14)*1890/60 is divided by d?
12
Let r(q) = -18*q - 380. Let d be r(-41). Let z = d + -67. What is the remainder when z is divided by 49?
46
Let y = -3492 - -3520. What is the remainder when 223 is divided by y?
27
Suppose 1324*w - 1406*w + 10643 = -2395. What is the remainder when 951 is divided by w?
156
Let y(c) = 10*c + 591. Let m(z) = 2*z**2 + 2*z - 2. Let t be m(-2). Calculate the remainder when t + (-1 - -73) - -1 is divided by y(-58).
9
Let b = 29 - 26. Let o be 37 - (-3 + b)/3. Let t = o - 8. What is the remainder when t is divided by 10?
9
Let l be 3/6 - 23/2. Let k(m) = -2*m**3 + 14 - 7*m + 3*m**3 + 218*m**2 + 3 - 427*m**2 + 220*m**2. Calculate the remainder when k(l) is divided by 12.
10
Calculate the remainder when 1951 is divided by 11 + 31959/67 + (2 - 6).
15
Suppose 2*x + 24 = -x. Let m = x - -46. Let g(d) = d**2 + 51*d + 616. What is the remainder when m is divided by g(-19)?
6
Suppose -3722*q + 3719*q + 90 = 0. Calculate the remainder when 2605 is divided by q.
25
Calculate the remainder when (1 - -6*7)*1 is divided by 18*(3 + -4 + (-63)/(-27)).
19
Let m = 33 - 30. Suppose 416 = 4*u + 4*v, -m*v + 218 + 202 = 4*u. Suppose 0*s + s - 113 = 4*a, -3*a - u = -s. Calculate the remainder when s is divided by 24.
21
Let x = -3232 - -3252. What is the remainder when 298 is divided by x?
18
Suppose -7 - 7 = -7*p. Let g be 2/(-4) + p + 10/4. Suppose 2*s = g*i - 6, -4*s + 10 + 2 = -2*i. What is the remainder when 5 is divided by s?
0
Let x(w) = w**2 - 8*w - 15. Let g be x(10). Suppose 0 = -g*d - 5, 4*z - 61 = d. Let c(p) = -8*p**3 + 2*p - 1. What is the remainder when c(-2) is divided by z?
14
Suppose 0 = -54*b - 89*b + 2002. What is the remainder when 315 is divided by b?
7
Suppose 3*q - 14 - 16 = 0. Suppose 48 = q*d - 7*d. Calculate the remainder when 53 is divided by d.
5
Suppose -16140 = -38*s - 6*s + 6476. Calculate the remainder when s is divided by 141.
91
Let v = 389 + -384. Suppose 0 = 3*r - v*a - 35, -5*r = 5*a - 5 - 40. Calculate the remainder when 43 is divided by r.
3
Let x be (-64 - -7)*((-128)/3 - 1). Suppose 5*m - 7911 - x = 0. What is the remainder when m/70 + 2/7 is divided by 16?
14
Let r(a) = 5*a**3 - 3*a**2 - 17*a - 20. Let y be r(-3). Let l = y - -274. Calculate the remainder when l is divided by 29.
27
Suppose 5415 = 35*s - 16*s. Suppose 5*t + 140 - s = 0. Calculate the remainder when 172 is divided by t.
27
Let q(g) = g**2 + 39*g - 73